96, -2*v + 20742 = 5*w. Suppose 3*d = 5*i + 1773 + w, 5*d - 9889 = 4*i. Is d a composite number?
True
Let c(l) = 908*l**2 - 1. Let j(s) = 2*s - 21. Let n be j(-10). Let o = 40 + n. Is c(o) composite?
False
Let n be 42819/(-1)*(175/21 - 6). Is (4 + n/28)/((-2)/8) a prime number?
False
Let h = -815362 + 1252575. Is h prime?
False
Let i(p) = 453*p**2 + 37*p - 241. Is i(11) composite?
False
Suppose -122*p + 83*p + 23456667 = 0. Is p a composite number?
True
Suppose 42 = -2*y + 54. Let n be y*55/(-75)*(1 - 126). Suppose 544 = h - 3*u, -h + 3*u - 2*u + n = 0. Is h composite?
True
Suppose 2*m + 0*i + 3*i = -2, -m = 4*i + 6. Suppose m*v = 10, -72370 = -5*k - 0*k + 5*v. Is k composite?
False
Suppose -23792 = 2*z - 6*z. Suppose 922 = -2*h + z. Is h composite?
True
Let m(d) = -d**3 - 12*d**2 - 26*d + 5. Let x be m(-9). Let g be ((-8)/(-6))/((-5)/(25050/x)). Suppose -5*k + 8371 = 2*o, o = -5*k + 6*k - g. Is k composite?
True
Suppose -4*y + 0*x + x - 1365 = 0, -3*x - 338 = y. Let h = y - -681. Let i = 243 + h. Is i prime?
False
Suppose 3*i - 377838 = -76718 + 312233. Is i a composite number?
True
Let g(q) = 3*q**2 - 23*q - 6. Let r be g(8). Suppose -3*d + 4587 = -r*l, -3*l = 4*d - 7*d + 4584. Is d a prime number?
True
Let l be (-1)/2*-1*(-10)/(-5). Is 4 + 3 + 2887 - l a composite number?
True
Let c(v) = -v**3 + 221*v**2 + 463*v + 1928. Is c(169) prime?
False
Let m(t) = t**3 - 78*t**2 + 769*t + 33. Is m(80) a prime number?
True
Suppose 4*m + 8*a - 3326692 = 0, 0 = -3*m + a + 1560308 + 934767. Is m a composite number?
True
Suppose -2*s - 2242 = g + 3567, 23241 = -4*g - 3*s. Let x = 8444 + g. Is x composite?
False
Let g = -14372 + 28273. Is g prime?
True
Suppose 5*s + 14*i = 17*i + 202837, 202873 = 5*s + 3*i. Is s a prime number?
False
Let u = 11779 - 8096. Is u prime?
False
Suppose 4*c - 28 = 2*p, p = 2*p + 2*c + 2. Is (31103/(-76))/(2/p) a prime number?
True
Suppose 0 = 29*s - 50*s + 7207599. Is s a composite number?
False
Let g(j) = -4*j - 97. Let w be g(-25). Suppose w*t + 5*h = 7913 + 43318, 0 = -t + 2*h + 17077. Is t a prime number?
True
Suppose 0 = -117*k + 121*k - 585092. Is k a prime number?
True
Suppose 5*u - 2*u - 6 = 0. Let o be 3310 - u/((-4)/(-2)). Suppose k - 1632 = -5*g, -k + 3*k + g - o = 0. Is k composite?
False
Suppose 357*w + 393873 = 408*w. Is w a composite number?
False
Suppose 1 = -9*r + 10*r. Let i be -1 + 0 + (r - -3). Suppose -2*a - 1543 = -i*y, 5*y - 3*a = a + 2569. Is y a composite number?
True
Let b(t) = 2*t**3 - 7*t**2 - 5*t + 12. Let k be (-18)/6 - 3/1. Let x be b(k). Let g = x - -1331. Is g a composite number?
True
Is 203001 - (-1)/((-17)/34) a prime number?
True
Let a be (-3)/(-21) - (-8948268)/98. Let k = -60860 + a. Is k a prime number?
True
Is ((-16)/6 + 2)*(-2049453)/6 prime?
False
Is (-15 + 10 + -6)*-14923 a composite number?
True
Let m(f) = 43*f**3 - 3*f - 4. Let l be m(2). Let y = l + -715. Is (y/(-9))/((-3)/(-63)) composite?
True
Let f = -97008 + 177455. Is f a prime number?
True
Let c(v) = v**3 + 15*v**2 - v - 10. Let s be c(-15). Suppose 2*y - 3*z = 6914, 0 = y + s*z - 2*z - 3466. Suppose -3*u + y = 7*u. Is u composite?
True
Suppose 13*q = 18*q + 3*y - 1459, -2*y + 876 = 3*q. Suppose 2*l - 5*x + 5 = -5, -4*l + 4 = -4*x. Suppose -q = -s + 5*c, 0*c = s + l*c - 320. Is s prime?
False
Suppose 13*c - h = 12*c + 1, -4*c - 4*h + 12 = 0. Suppose -3*r - 3*m + 13161 = 0, -4*r + c*m - 3*m = -17560. Is r composite?
False
Let h = 3779 - 1047. Let z = -699 - 1224. Let b = h + z. Is b a composite number?
False
Let q be (-217177 + -5)*(-1)/(-2). Is q/(-13) + (-8)/52 a composite number?
False
Suppose -209*p - 435*p + 403158836 = 72*p. Is p a prime number?
False
Let g = 46576 + -26103. Suppose -37*z - 3*x - 27288 = -41*z, -4*x - g = -3*z. Is z composite?
True
Suppose -203*y + 1231227 = -181*y - 2783267. Is y a prime number?
False
Let i = 2386 - -246. Suppose -4*y = -u - 3511, -3*y - 2*u + i = -3*u. Is y prime?
False
Let y(h) = -h**2 + 1. Let f(r) = -9 + 10*r + 0*r**2 - 16 - r**2 - 5. Let x(n) = -f(n) - 3*y(n). Is x(-16) a prime number?
False
Suppose -4*i = -5*w - 526105 - 358423, -i - 3*w + 221115 = 0. Is i composite?
True
Suppose 14*h - 512724 = 1522330. Is h a prime number?
True
Let p be (2 + 4)/(2*1/(-2)). Let r(x) = -2*x**2 - 19*x - 38. Let g be r(p). Suppose 6*y = 2*y - 2*i + 1954, -g*y + 2*i + 1942 = 0. Is y a prime number?
True
Let y(a) = -6*a**3 - 117*a**2 - 24*a + 85. Is y(-38) composite?
False
Suppose -72*p + 1574909 = -23*p. Is p composite?
False
Let y(o) = -o**3 + 63*o**2 - 19*o + 130. Is y(43) composite?
False
Let n = 5663364 + -3837405. Is n prime?
False
Is -5 + (-6 - -152469) + (-12 - -3) a prime number?
False
Suppose 76*i - 714567 = -71*i. Is i prime?
True
Let k(u) = u**2 - 9*u + 9. Let g(b) = b**2 - 9*b + 9. Let l(d) = -4*g(d) + 3*k(d). Let v be l(7). Is 60/v - 3/1 a composite number?
True
Suppose -t = g - 102668 - 346083, 2243743 = 5*t + 2*g. Is t prime?
False
Suppose 106 - 98 = -4*m. Is 5974/8 - ((-44)/(-16) + m) a composite number?
True
Suppose -5*a - 91 = -106. Suppose a*n - 3*g - 147 = 0, -6*g = -2*g. Is (n/14)/((-2)/(-1604)) a prime number?
False
Let s = 0 + 8. Let z(l) = -l + 11. Let o be z(s). Suppose -o*f + t + 4552 = 6*t, 0 = f + 4*t - 1522. Is f composite?
True
Let b be 490 + -1*(1 - -7). Suppose -2*g = -1300 + b. Is g a prime number?
True
Is 4 + 22223464/104 - (-4)/(-26) a composite number?
True
Let k = 12882 - -68352. Suppose -9*l = -27*l + k. Is l a prime number?
True
Let j(n) = 3506*n**2 - 60*n - 3. Is j(2) a prime number?
True
Suppose 0 = -5*n + s + 1817519, 4*n + 124*s - 1454016 = 125*s. Is n composite?
True
Let c(h) = 12*h**3 - 14*h**2 + 15*h + 248. Is c(21) a prime number?
False
Let g = -480 - -352. Let r = g - -1465. Is r composite?
True
Let z(c) = 20598*c - 713. Is z(22) prime?
True
Let n(s) = -104*s + 1. Let p be n(-3). Let j(v) = 6*v**3 - 2*v**2 - 3*v + 1. Let x be j(3). Let f = p - x. Is f composite?
True
Let b(u) = 148*u**2 + 37*u**3 + 10 + u**3 + 0*u**3 - 145*u**2. Is b(5) a composite number?
True
Let r(f) = 470*f - 8. Let i be r(-6). Let d = 4101 + i. Suppose 0*l - d = -4*t + 5*l, -t + 318 = -l. Is t prime?
True
Suppose 4*b + 14 = z, 5*b + 14 + 3 = z. Is 1934/b*3/(-2) a composite number?
False
Let r be 36/(-4)*(-6)/(-1). Let h = 58 + r. Suppose -5*t - 3*d + 2653 = 0, -5*t + 247 = -h*d - 2434. Is t prime?
False
Let d(t) = 496*t**2 + 58*t - 35. Is d(6) a prime number?
True
Let a(i) = 47*i**2 - 12*i + 16. Let g(f) = -f - 1. Let z(q) = a(q) - 3*g(q). Is z(6) a prime number?
True
Is (171/351 + (-10)/65)/((-2)/(-12318)) a prime number?
True
Let v(r) = r**3 - r**2 - 5*r + 9. Let t be v(0). Let c = t - 4. Is (40/c - 3) + 8 a composite number?
False
Suppose 15 = c + 26. Let b(o) = 16*o**2 + 167*o + 16. Is b(c) a composite number?
True
Let k = -18 + 21. Let m be ((-1)/4*-5)/((-4)/(-1376)). Suppose 4*q - 3*j - 2573 = 0, -k*q + m = 4*j - 1531. Is q a composite number?
False
Let s(q) = 681*q + 1. Suppose 13*i = 6*i + 14. Let f be s(i). Let l = f - 876. Is l a prime number?
True
Let h(r) = -4*r - 37. Let u be h(-6). Let b be u + 22 + 4*-1. Suppose -b*d + 720 = -0*j + j, -3*d - 760 = -j. Is j composite?
True
Let f(p) = p**2 + 20*p + 35*p - 46*p - 3*p**3 - 7*p**2 - 3*p**2 - 9. Suppose -3*o - 28 = 5*a, 4*a + 44 = -0*a + 3*o. Is f(a) a prime number?
False
Let x(t) = 2*t**3 + 232*t**2 + 41*t - 488. Is x(-109) prime?
True
Suppose -3*r = -5*m - 3195, -3*m + 3*r - 1287 = -m. Let j = -539 - m. Is j a composite number?
False
Suppose -2307056 = -15*j - j. Is j a prime number?
False
Suppose 384*z - 5 = 389*z. Let p(n) = -2766*n + 13. Is p(z) a prime number?
False
Let g be 0 + 6/(-15) - (-80815)/(-25). Let q = g - -5970. Let m = -1614 + q. Is m prime?
True
Suppose 11*b - 1775518 = -382005. Is b composite?
False
Let q(b) = 1263*b - 3. Let z be q(-3). Let v = 5981 + z. Is v prime?
False
Let z be (-4 + 5)*-2 + 5038. Suppose -z = 5*y - 27966. Is y a composite number?
True
Suppose 0*g + 4*g - 5046 = 3*c, 2*g = 2*c + 2524. Let p = g + -545. Suppose -202 = -7*a + p. Is a a prime number?
True
Let x be -6 - 1/(-2)*8. Is 6541 + 0*x/4 a prime number?
False
Suppose -12*w - 392615 = -16*w + z, -w + 5*z + 98168 = 0. Is w a composite number?
True
Let s be 3559*4/4 - -3. Let l = s - -1165. Is l prime?
False
Let o(y) = -8*y - 27*